*l + 15452. Calculate n(-108).
8
Let p(s) = 630*s + 119101. Calculate p(-189).
31
Let b(p) = 5981*p - 131578. Calculate b(22).
4
Let y(c) = -1459*c + 9873. What is y(6)?
1119
Let y(s) = 14*s + 1581. Determine y(-39).
1035
Let t(u) = 569*u**2 - 403410*u - 7794. What is t(709)?
5
Let m(b) = -3*b**3 + 136*b**2 - 199*b + 1027. Give m(44).
15
Let i(s) = 51519*s - 51531. Determine i(1).
-12
Let z(f) = -9*f**3 - 9*f**2 + 8*f - 31. What is z(-6)?
1541
Let w(t) = -111546*t - 223065. Give w(-2).
27
Let w(h) = -2*h**2 - 988*h - 60087. Calculate w(-71).
-21
Let t(x) = x**3 - 45*x**2 + 257*x - 901. Determine t(39).
-4
Let g(m) = -7852*m + 321806. Calculate g(41).
-126
Let z(c) = -288815*c + 4043407. Calculate z(14).
-3
Let n(i) = i**3 + 56*i**2 + 650*i - 508. What is n(-39)?
-1
Let h(t) = 2453*t + 49164. Give h(-20).
104
Let p(v) = -8109*v**2 - 2513791*v - 299. What is p(-310)?
11
Let k(j) = 210463*j + 1683710. Calculate k(-8).
6
Let f(w) = 24*w**2 + 52*w - 164. Give f(3).
208
Let v(u) = 95*u + 8087. Calculate v(-97).
-1128
Let w(q) = -q**3 - 24*q**2 - 471*q - 12453. Give w(-25).
-53
Let h(i) = 2*i**2 - 236*i + 6530. Calculate h(79).
368
Let j(f) = 2087877*f + 14615134. Calculate j(-7).
-5
Let i(a) = -28867*a + 288665. Determine i(10).
-5
Let j(v) = 5*v**3 - 110*v**2 + 277*v + 152. Determine j(19).
0
Let d(n) = -148364*n + 593456. What is d(4)?
0
Let l(q) = -8*q**2 - 4058*q + 78894. Calculate l(-526).
-6
Let n(u) = -3*u**3 + 4723*u**2 + 41144*u + 22169. What is n(1583)?
7
Let d(v) = -11128*v - 5107753. Determine d(-459).
-1
Let q(v) = -2*v**3 - 332*v**2 - 398*v - 11214. Give q(-165).
6
Let s(y) = y**3 - 20*y**2 + 205*y + 150. Give s(8).
1022
Let m(k) = -3*k**2 + 636*k - 1823. Calculate m(209).
58
Let y(v) = 121*v**2 + 3002*v - 574. Give y(-25).
1
Let n(m) = -4*m**2 - 3269*m - 13008. Calculate n(-4).
4
Let z(v) = -104*v + 1943. What is z(17)?
175
Let b(w) = -w**2 - 28495*w - 89813569. What is b(-3609)?
5
Let k(r) = r**3 + 87*r**2 + 1878*r - 54. What is k(-47)?
40
Let i(b) = -361*b + 179. Give i(3).
-904
Let n(s) = 65041*s - 845534. Calculate n(13).
-1
Let y(a) = -a**2 - 35683*a - 321043. Give y(-9).
23
Let p(c) = 207*c - 18099. Determine p(87).
-90
Let v(j) = -23*j**3 + 375*j**2 - 84*j - 82. Determine v(16).
366
Let r(h) = -685*h - 22949. Give r(-33).
-344
Let x(a) = 43*a**2 + 2207*a + 12250. Determine x(-45).
10
Let p(k) = k**3 + 41*k**2 + 413*k - 80. Determine p(-24).
-200
Let m(h) = 268*h**2 + 148*h + 450. What is m(-3)?
2418
Let z(b) = -2*b**3 - 66*b**2 + 11*b + 495. Determine z(-33).
132
Let w(x) = 2*x**3 + 59*x**2 + 1632*x + 32816. Calculate w(-24).
-16
Let l(y) = y**3 - 139*y**2 - 6756*y - 1145. What is l(-38)?
-5
Let q(p) = p**3 - 14*p**2 - 71416*p + 142877. What is q(2)?
-3
Let f(y) = 19*y**3 + 10583*y**2 + 7*y + 3853. Give f(-557).
-46
Let y(b) = -b**3 - 61*b**2 - 121*b - 15534. Determine y(-63).
27
Let q(p) = 4566*p - 29880. Determine q(7).
2082
Let r(h) = -h**3 + 16*h**2 - 89*h - 48. Calculate r(7).
-230
Let z(g) = 4031*g - 8318. Give z(2).
-256
Let l(w) = -124*w**2 - 3226*w - 15. What is l(-26)?
37
Let b(a) = -1377*a - 16621. What is b(-12)?
-97
Let v(r) = 17*r**3 - 15*r**2 - 21*r + 22. Calculate v(5).
1667
Let l(g) = -5*g**3 + 97*g**2 + 27864*g - 530134. What is l(19)?
4
Let c(f) = -14*f**2 + 10*f + 426. Give c(-15).
-2874
Let m(o) = -o**2 - 1416*o + 29. Give m(0).
29
Let j(k) = -7299*k + 2423264. Calculate j(332).
-4
Let z(m) = -3371*m + 337103. Calculate z(100).
3
Let q(b) = b**3 + 668*b**2 + 1328*b - 2648. Determine q(-666).
16
Let x(q) = 3644*q - 3792. Calculate x(1).
-148
Let z(w) = 2*w**2 + 61*w - 193. Calculate z(-22).
-567
Let f(q) = q**3 + 2*q**2 - 161*q - 782. Calculate f(-6).
40
Let k(w) = 86*w - 7. Give k(2).
165
Let i(o) = -118*o**3 - 3*o**2 - 6*o + 59. Give i(3).
-3172
Let b(x) = x**3 + 49*x**2 - 1141*x + 5259. Give b(7).
16
Let i(u) = 7*u**2 + 204*u - 62. What is i(-19)?
-1411
Let y(h) = -5*h**2 - 1092*h + 14536. Give y(-231).
-17
Let m(x) = -228*x - 2529. Determine m(-13).
435
Let t(q) = 673802*q + 4042800. What is t(-6)?
-12
Let i(w) = w**2 - 2314*w + 11583. Calculate i(5).
38
Let a(n) = 1576*n - 24617. Calculate a(15).
-977
Let f(w) = 4*w**2 + 595*w + 10975. Give f(-22).
-179
Let q(o) = -o**2 + 70*o - 176. Calculate q(76).
-632
Let l(c) = c**2 + 415*c + 5433. Give l(-14).
-181
Let g(v) = -450*v**3 - v**2 - 62*v + 64. Give g(1).
-449
Let i(u) = 6*u**3 - 1298*u**2 + 445*u - 2970. Calculate i(216).
-162
Let a(j) = 132*j**3 + 10*j**2 + 73*j + 62. What is a(-1)?
-133
Let t(j) = 20*j**2 - 57*j + 163. Determine t(7).
744
Let f(i) = -82*i**2 - 876*i + 15. Calculate f(-11).
-271
Let y(t) = -t**2 + 5968*t + 11. What is y(0)?
11
Let x(m) = m**3 - 18*m**2 + 119*m - 9775. Determine x(27).
-1
Let f(y) = -y**2 + 58*y + 533. Determine f(61).
350
Let q(x) = -8213*x - 689901. Give q(-84).
-9
Let r(v) = 701401*v + 2104207. Calculate r(-3).
4
Let v(f) = -35272*f + 1516684. Give v(43).
-12
Let f(y) = -9*y**2 + 6504*y - 76764. What is f(12)?
-12
Let o(r) = 191641*r + 3832873. Calculate o(-20).
53
Let c(x) = -137*x**2 + 14799*x - 266. Calculate c(108).
58
Let a(k) = -2635*k**3 + 3*k**2 - 1266*k - 1270. Determine a(-1).
2634
Let s(k) = 17*k**2 + 3283*k - 49163. Determine s(14).
131
Let y(n) = -1413*n - 7922. Determine y(-6).
556
Let t(z) = 138*z**3 + 967*z**2 + 201*z + 1359. What is t(-7)?
1
Let q(x) = 9489*x - 85486. What is q(9)?
-85
Let q(s) = 2*s**2 + 28853*s + 4621705. Calculate q(-162).
7
Let i(v) = -13*v**2 + 1291*v + 613. Calculate i(100).
-287
Let k(t) = -47*t**3 - 3*t**2 - 135*t - 502. Calculate k(-4).
2998
Let w(v) = 1969*v**2 - 13763*v - 165. Give w(7).
-25
Let u(b) = 4*b**3 + 663*b**2 - 818*b + 2843. Calculate u(-167).
4
Let l(b) = 7*b**3 - 51*b**2 - 7682*b + 53835. What is l(7)?
-37
Let j(x) = x**3 - 50*x**2 + 433*x + 73. Determine j(39).
229
Let n(t) = -14983*t - 149546. Calculate n(-10).
284
Let d(u) = -779*u - 30779. What is d(-39)?
-398
Let n(r) = 1362*r - 3974. What is n(3)?
112
Let p(c) = 1461*c + 211. Give p(0).
211
Let h(a) = a**2 - 486*a + 58329. Determine h(269).
-44
Let u(k) = 55*k**2 - 678*k + 1883. Give u(8).
-21
Let f(u) = -u**3 + 346*u**2 - 4333*u + 1349. What is f(333)?
17
Let f(c) = 3*c**2 - 71*c - 3927. Determine f(-27).
177
Let h(r) = 390*r - 1321. What is h(5)?
629
Let i(h) = 882*h - 9637. Determine i(11).
65
Let z(l) = -32132*l + 1028211. Calculate z(32).
-13
Let r(p) = -2*p**3 - 142*p**2 + 253*p + 7866. Calculate r(-72).
18
Let w(t) = -t**3 - 9*t**2 + 852*t + 8438. Determine w(-10).
18
Let r(u) = -u**2 + 308*u - 23293. What is r(174)?
23
Let h(q) = -25*q**2 - 5741*q - 118814. What is h(-23)?
4
Let g(n) = 858*n + 98557. Calculate g(-115).
-113
Let m(o) = -o**2 + 44*o + 10537. What is m(-87)?
-860
Let l(k) = -k**3 + 54*k**2 - 521*k + 5200. Calculate l(45).
-20
Let h(z) = -5926*z - 65193. Give h(-11).
-7
Let y(j) = -42596*j + 1107504. Calculate y(26).
8
Let k(b) = b**2 + 13857*b + 6678570. Calculate k(-500).
70
Let c(q) = -216881*q + 650665. What is c(3)?
22
Let h(a) = -5*a**2 - 629*a - 393. What is h(-126)?
-519
Let v(m) = -8*m**2 + 103*m + 269. Calculate v(16).
-131
Let o(v) = -1491*v - 363621. Give o(-244).
183
Let g(o) = -o**3 - 292*o**2 + 908*o + 6786. Give g(-295).
1
Let z(r) = -1698*r - 61162. Calculate z(-36).
-34
Let h(g) = 8*g**3 + 82*g**2 + 25*g + 1080. Give h(-11).
79
Let r(m) = -3*m**3 + 4*m**2 + 51*m - 34. Determine r(-6).
452
Let n(s) = 5634*s + 26023. Calculate n(-5).
-2147
Let a(p) = p**3 + 47*p**2 + 115*p + 4139. Calculate a(-47).
-1266
Let v(i) = -i**3 - 24*i**2 - 71*i - 587. Give v(-23).
517
Let h(s) = 69*s**2 + 3320*s - 44806. Determine h(11).
63
Let w(a) = -a**3 - 169*a**2 - 818*a + 35. Determine w(-5).
25
Let b(p) = -16*p**3 + p**2 - 395*p - 396. What is b(-1)?
16
Let h(n) = -4749*n**2 - 47457*n + 331. Give h(-10).
1
Let i(r) = -17463*r - 279420. Calculate i(-16).
-12
Let g(p) = p**3 - 17*p**2 - 28*p - 236. What is g(14)?
-1216
Let y(f) = -332795*f + 4. Determine y(0).
4
Let r(t) = 22*t**3 - 568*t**2 - 102*t - 42. Determine r(26).
10
Let j(o) = o**3 + 654*o**2 + 880*o + 148228. Calculate j(-653).
-3
Let d(y) = -194*y - 487. Determine d(-5).
483
Let v(y) = 6*y**2 + 1202*y - 1139. What is v(-200)?
-1539
Let c(v) = 178*v - 1867. What is c(10)?
-87
Let n(p) = -66*p**2 - 5415*p + 225. Calculate